
Let b(j) = 173*j**2 - j - 1. Let i be b(-1). Suppose -2*o + i = 19. Is o a prime number?
False
Let s = 1955 + -1320. Is s a prime number?
False
Suppose -4*k = -5*k - 27. Suppose -15 = -3*g, -2*p - 2*g - 137 = p. Let y = k - p. Is y a prime number?
False
Suppose -2*j + 1 = 2*p + 7, 5*p + 15 = j. Let m(v) = 3*v**2 - 5*v + 3*v + 0*v. Is m(p) a prime number?
False
Suppose -4*k = -0*k - 124. Is k a prime number?
True
Let k = 5 + -2. Let y(p) = 2*p - 3 - 2*p**2 - 2*p + p**3. Is y(k) prime?
False
Suppose -v - 3*y = -18, -3*v = -6*v + 4*y - 11. Suppose 0 = v*m - 0*m - 6. Suppose 98 = m*l - 56. Is l a composite number?
True
Suppose 2*l + 2*l = 56. Suppose 0 = -5*p + 96 + l. Is p a prime number?
False
Suppose t - 46 = -j, 4*j = 4*t + 176 + 32. Is j a prime number?
False
Suppose 9 + 1 = 5*l. Suppose 2*p - 6 = -0. Suppose -p*c = 2*c + 20, l*u - 58 = -2*c. Is u a composite number?
True
Let q(z) = -2*z**3 - 9*z**2 + 9*z - 9. Suppose 2*x + 1 = -15. Is q(x) prime?
True
Let v(s) = -s**2 - 6*s + 3. Let u be v(-6). Suppose 0 = -11*f + 12*f - 174. Suppose o - u*o = -f. Is o a composite number?
True
Is (-1013 - 6)*-14*(-2)/(-4) prime?
False
Let j = -54 - -203. Is j composite?
False
Is (506/88)/(233/116 + -2) a prime number?
False
Suppose 6 - 30 = -4*b. Suppose -2 = -5*i - 4*u, 4*i - b = -u - 0*u. Suppose -2*v = -0*w - 3*w + 631, -3*w + 635 = i*v. Is w a prime number?
True
Suppose -2*d = -d - 293. Is d a composite number?
False
Suppose -2*v - 24 - 16 = 0. Let w = v - -55. Is w a prime number?
False
Let h(g) = 41*g**2 + 2*g - 1. Is h(-4) composite?
False
Let o(p) = -3*p + 159. Let v(m) = 7*m - 318. Let y be 4/(-5)*(-5 + 0). Let r(s) = y*v(s) + 9*o(s). Is r(0) prime?
False
Let v(p) = 3*p**3 - 4*p**2 - 4*p - 1. Let l(s) = 3*s**2 + s. Let o be l(1). Is v(o) prime?
False
Let q(s) = s**3 + 4*s**2 + 2*s + 1. Let u be q(-3). Let a = u - 4. Let i = a - -13. Is i a prime number?
True
Suppose 0 = -0*i + 2*i. Suppose 0 = -i*z + 3*z - 231. Is z prime?
False
Suppose 0 = 2*u - m - 15, -2*u + 3*m + 12 = -13. Suppose -u*v = o - 24, -2*o - 5*v = -2*v - 34. Is o a composite number?
True
Let h(z) = 34*z**2 - 5*z + 1. Let i be h(4). Is 1/(i/174 + -3) prime?
False
Let i(v) = -v - 4. Let t be i(-6). Let l(g) be the first derivative of 3*g**2 - g - 3. Is l(t) a composite number?
False
Suppose 3*k = 6, c - 4*c = k - 5576. Is c composite?
True
Let r be 0 + 0/(4/2). Suppose -2*x + 0*x + 14 = r. Is x a composite number?
False
Let v be 3 + -6 + (-2)/1. Let p be 1 - -1 - (v - -2). Suppose 2*k - 367 = -3*z, -2*z + 306 = -p*k + 93. Is z a composite number?
True
Let s(v) = 5*v**3 - 2*v**2 + v + 7. Is s(5) composite?
False
Suppose -p + 73 = -88. Is p composite?
True
Suppose 0 = 2*d + 4 - 0. Let s(c) = -26*c + 1. Is s(d) a prime number?
True
Let v(y) be the second derivative of -13*y**5/10 + y**4/4 + y**3/2 + y**2/2 - y. Is v(-2) prime?
False
Let s(o) = 4*o + 121. Is s(0) a prime number?
False
Suppose 0 = -4*r - 5*c - 137 + 372, 4*c = 4*r - 280. Is r a prime number?
False
Let d = -257 - -550. Is d composite?
False
Let t be 3/(2*-3)*-4. Suppose 0*b - t*b = 0. Suppose b = 4*r - j - 83, 7*r + 3*j = 2*r + 108. Is r a composite number?
True
Suppose 4*y + 2 + 10 = 0. Is (-37)/y - 2/(-3) a composite number?
False
Suppose 3*g + 60 = -2*g. Let j = 67 - g. Is j a prime number?
True
Let h = -3 - -8. Suppose 368 = h*k + 43. Is k a prime number?
False
Suppose 0*w = -2*w - 6. Let r(j) = j**2 + 6*j. Let d be r(w). Is (-6)/d + (-974)/(-6) composite?
False
Suppose -4*q + q = -42. Suppose 3*h + 0*h - 3*x = 0, 0 = 3*h + 4*x - q. Suppose -2*b - 463 = -5*t - 0*b, h*t - 189 = -3*b. Is t a prime number?
False
Let b = 77 + 50. Is b a prime number?
True
Is -314*(-3 - (-3)/6) a composite number?
True
Let x(p) be the second derivative of -p**4/12 + p**3 - p**2 - 2*p. Let a be x(6). Is (a/2)/(1/(-185)) composite?
True
Let x(c) = c**2 + 4*c + 3. Let f be x(-5). Let s = -8 + f. Suppose 2*i - 127 + 17 = s. Is i a composite number?
True
Suppose -2*a + 2688 = -3*o + o, -3*o + 6 = 0. Is a prime?
False
Let x(w) be the second derivative of w**5/20 + 13*w**4/12 - w**3 - 6*w**2 + w. Let t be x(-13). Suppose j + 2*j - t = 0. Is j prime?
False
Suppose 3*t - 6*t + 1293 = 0. Is t a prime number?
True
Let z(b) = -14*b - 5. Let w be z(-7). Suppose 0 = 2*t - 247 + w. Is t a prime number?
False
Suppose 0 = -u - 5 - 0, -y = 3*u - 188. Is y composite?
True
Let z = -18 + 26. Is (20 - z/4) + 3 a composite number?
True
Let d(k) be the third derivative of 77*k**5/60 + k**4/12 + k**3/3 + 8*k**2. Is d(-3) a composite number?
True
Let q(p) = p**3 - 16*p**2 + 11. Let w be q(16). Let d = w + 42. Is d composite?
False
Is (-162 + -1)/(4 + -5) prime?
True
Let c be 3 + -1 + (11 - 7). Suppose -3*q + 2*x = 4, q - 5*x = c*q + 40. Is ((-12)/(-18))/(q/(-354)) a composite number?
False
Let b be (-2 - (-962)/(-4))*-2. Suppose 4*y - 197 - 459 = -4*a, -3*a + 4*y + b = 0. Is a composite?
False
Let r(b) = b. Let k(x) = x**2 - 13*x. Let c(w) = k(w) + 6*r(w). Let m be c(7). Suppose -i = -m*i - 35. Is i composite?
True
Let l(d) = -d**2 - 10*d - 11. Let z be l(-8). Suppose 6*j = z*j + 55. Is j prime?
False
Suppose -5*p + 1261 = 491. Let q = 80 - p. Is 4/8*(0 - q) composite?
False
Let x(s) be the second derivative of 5*s**4/6 - s**3/6 + 2*s. Is x(-1) composite?
False
Suppose 21 = 4*o - 5*n, -3*o - 4*n + 2*n = -10. Let j be 1/2 - (-14)/o. Is 242/(-4)*j/(-2) a prime number?
False
Is ((-318)/10)/((-9)/45) prime?
False
Suppose -433 = -2*j - 27. Suppose 3*k - 2*k - j = 0. Is k composite?
True
Let c = 33 - -2. Is c prime?
False
Suppose -2*d = h + 8, 18 = -4*h - 0*h - d. Let k be (-1526)/(-6) + h/(-6). Let t = k + -106. Is t composite?
False
Suppose 0*j - 15 = 3*j. Let p(s) = s**3 + s - 7 - 8*s + 0*s + 5*s**2 + s. Is p(j) composite?
False
Is 1572/10 + 11/(-55) composite?
False
Let r(n) = 3*n - 4. Let g be r(2). Suppose k - g*s = -3*k + 1926, 2*k = 2*s + 964. Is k prime?
False
Is (-3340)/(-6) - (5 - (-48)/(-9)) composite?
False
Let k(x) = 23*x - 17. Let r(d) = -8*d + 6. Let h(b) = -3*k(b) - 8*r(b). Is h(-6) a composite number?
True
Suppose -7 = -3*s - 1. Suppose 3*v + s*j - 973 = 42, -3*v + 1019 = 4*j. Is v a composite number?
False
Let q = 19 + -31. Let n = 21 - q. Is n composite?
True
Let b = -13 - -23. Is (b/(-8))/(4/(-208)) a prime number?
False
Let v = -2922 - -1934. Is 4/(-14) + v/(-28) composite?
True
Let u(i) = i + 1. Let r(n) = n**2 + 1. Let y(z) = r(z) + 4*u(z). Let m be ((-4)/3)/(1/(-3)). Is y(m) a composite number?
False
Suppose 0 = 5*i + 82 - 367. Is i prime?
False
Let o = -20 - -153. Is o a composite number?
True
Is -1005*(4 + (-39)/9) composite?
True
Suppose -3*o + 1003 + 3080 = 0. Is o a prime number?
True
Let p(n) = 11*n - 15. Let q be p(7). Suppose q = t + t. Is t prime?
True
Let i be (0 - 0)/(3 - 1). Suppose i = 5*d + 5*w - 190, -3*d - 5*w - 122 = -6*d. Suppose 4*v = v + d. Is v a composite number?
False
Suppose -4*h - 5*r + 8420 = 0, r + 2*r = 0. Is h a composite number?
True
Suppose 0 = -0*u + 4*u + 4, -3*x - 5*u + 1432 = 0. Is x prime?
True
Let k = 19 + 27. Is k a composite number?
True
Let u = 27 + 20. Suppose -j + 2*n = -47, 2*j - 3*j - 3*n + u = 0. Is j a composite number?
False
Suppose 0 = 5*u - 3*r - 11413, 5*u + 5*r - 9160 = u. Is u prime?
False
Let v be 2/(-1 + 2) + -2. Suppose v = -2*k + k + 22. Is k a composite number?
True
Let g(z) = -74*z**3 - 4*z**2 + z - 4. Let j be g(3). Is 4/6 + j/(-3) composite?
True
Let b(a) = -18*a + 0 - 11 - 9*a. Let j be b(-8). Suppose -5*s + 155 = 4*c - 13, 5*c + 5*s = j. Is c a prime number?
True
Let m be 16/6*9/6. Suppose -2*z + 9 = -x, 2 = -2*x - m. Suppose s - 14 = -2*j + j, 2*j - 53 = z*s. Is j a composite number?
False
Let w(r) = 1. Let d(s) = -3*s - 1. Let t(z) = -d(z) + w(z). Is t(3) prime?
True
Let k be 2/6 - 88/(-24). Suppose v - 5*v = -k, 5*i + v = 1. Suppose -4*d - 5*u = -62, 0 = -i*u - u + 2. Is d a prime number?
True
Suppose -9*f + 14*f = 335. Is f a prime number?
True
Suppose 0*f = f. Suppose 4*b = -3*m + 1, -4*b - 12 - 8 = f. Suppose -3*g = -3*l - m*g + 2, -4 = g. Is l composite?
True
Let d be (3/(-6))/((-1)/318). Suppose -3*b = -36 - d. Is b a prime number?
False
Is (-7)/((-7)/789) + -2 + 0 a composite number?
False
Is 2/5 - 2358/(-30) prime?
True
Suppose -1 = -2*w - o, -3*w + 10 = -7*w + 2*o. Let r =